ose -160 = -j*u - 36. What is the remainder when u is divided by 16?
14
Let k = 144 + -121. What is the remainder when 72 is divided by k?
3
Let k be ((-8)/(-20))/(2/10). Suppose 0 = -4*w + k*y + 98, -w = 2*y - 5 - 17. Suppose -z + 0*z = -9. What is the remainder when w is divided by z?
6
Let a be 0 - 1*(-1)/1. What is the remainder when (-2)/(-8) - 1272/(-32) is divided by 14 + 0*a/2?
12
Let q(j) = -5*j**3 + 2*j + 1. Suppose 4*p - 2*p = 5*x - 9, -5*p - 5*x - 5 = 0. What is the remainder when q(p) is divided by 20?
17
Suppose 0 = 3*y + f + f - 732, 3*f + 993 = 4*y. Suppose y = l + 5*l. What is the remainder when l is divided by 11?
8
Let f = -24 + 35. What is the remainder when 32 is divided by f?
10
Let y(s) = s + 1. Let z be y(-1). Let h be (z - -1)*(-19)/(-1). Suppose -6 = -5*f + h. What is the remainder when 8 is divided by f?
3
Let l = 156 - 143. Suppose -5*p + 10 = -0*p, -2*p - 196 = -4*t. Calculate the remainder when t is divided by l.
11
Suppose -4*l = -3*l - 22. Calculate the remainder when l is divided by 12.
10
Suppose 0 = 5*b + 8 - 43. Let s = b + 28. Calculate the remainder when s is divided by 12.
11
Let s = 2 - 0. Suppose s*u = 3*u - 4. Suppose -2*g + 178 = 5*h, u*g = g + 12. What is the remainder when h is divided by 12?
10
Let b(s) = -5*s - 3. Let g be b(-5). Suppose w + g = 2*w. What is the remainder when 42 is divided by w?
20
Let n(j) = -2*j**3 - 5*j**2 - 2*j - 1. Calculate the remainder when 54 is divided by n(-3).
12
Suppose -6*t + 19 = -11. What is the remainder when 31 is divided by t?
1
Suppose -4*z + 0*z = 28. Let u = z + 9. Calculate the remainder when u is divided by 1.
0
Suppose 0 = -4*d + 2 + 6. What is the remainder when (-6)/9 + 20/3 is divided by d?
0
Let l be ((-2)/(-3) - -1)*3. Let t(q) = -q**2 + 4*q + 2. Let g be t(l). Let b = 5 + g. What is the remainder when b is divided by 2?
0
Let t = -34 - -43. What is the remainder when t is divided by 4?
1
Suppose 2*s = -0 - 4, 2*y - 2 = -4*s. What is the remainder when 17 is divided by y?
2
Let w = 44 + -23. Suppose 3*l + 6 = -k, 0 = 4*k - k - 4*l - w. Suppose -h - 2*m = -6, 0*h + 21 = k*h + 5*m. Calculate the remainder when 34 is divided by h.
10
Let k = 43 + -17. What is the remainder when k is divided by 18?
8
What is the remainder when (-2)/(-10) + (-345)/(-25) is divided by 8?
6
Let z(h) = h - 4. Let j be z(4). Suppose -2*x + 4 + 0 = j. What is the remainder when 2 - x - -2*7 is divided by 5?
4
Suppose 4*r + 82 = 2*d, -170 = -3*d - d + 5*r. Suppose 2*g + g + 3*z - d = 0, 3*g - z - 53 = 0. Calculate the remainder when g is divided by 10.
7
Suppose -4 = -5*x + 6. What is the remainder when 16 is divided by ((-3)/4)/(x/(-16))?
4
Let o = 49 - 44. Calculate the remainder when 9 is divided by o.
4
Suppose -4*h + 20 = -0*h. Suppose -h*u + 9*u - 20 = 0. Suppose 0 = 2*p - 0*p - 6. What is the remainder when u is divided by p?
2
Suppose 3*b = -6 + 15. What is the remainder when 4 is divided by b?
1
Let m = -38 - -55. Calculate the remainder when m is divided by 5.
2
Let s = -19 + 29. Let z = s - -3. Suppose -2*l = -l - 25. What is the remainder when l is divided by z?
12
Let z(d) = -6*d - 26. Calculate the remainder when z(-10) is divided by 14.
6
Suppose 0 = -2*n + 4*o + 30, 5*n - 3*o - 100 = -32. Let g = 127 + -76. What is the remainder when g is divided by n?
12
Suppose -13 = 4*v - 149. Let g(a) be the third derivative of a**5/30 + a**4/24 + a**3/3 - 3*a**2. What is the remainder when v is divided by g(2)?
10
Let n(q) = 6*q - 4. Suppose 5*t = 2*t + 18. Suppose 0 = -2*c + 2 + 20. Calculate the remainder when n(t) is divided by c.
10
Let i(w) = 2*w**2 + 12*w - 19. What is the remainder when 50 is divided by i(-8)?
11
Let p(f) = 17*f**2 - 2. What is the remainder when p(-1) is divided by 6?
3
Suppose 0 = -3*p - 11 + 194. What is the remainder when p is divided by 16?
13
Let r = 69 + -54. What is the remainder when 27 is divided by r?
12
Suppose -2*f = -59 - 5. Suppose 0 = -k - 3*k + f. Suppose -4*v - 75 = -3*d - 2*v, -2*d + 2*v = -52. What is the remainder when d is divided by k?
7
Suppose 3*f = -0 - 6. Calculate the remainder when 40 is divided by (-4 - 1*f) + 16.
12
Suppose 12 = -2*s + 214. What is the remainder when s is divided by 26?
23
Suppose 3*q = -3*g + 27 + 12, 3*q - 7 = 5*g. Suppose 2*k - 3*k = -5*h, 3*h - q = 0. Calculate the remainder when 44 is divided by k.
14
Suppose u = -0*u + 17. Suppose -2*q = -3*g + 2*g + 51, -g - 4*q = -45. Calculate the remainder when g is divided by u.
15
Suppose 117 = 6*m + 27. Let i = 51 - 22. Calculate the remainder when i is divided by m.
14
Let c be (-330)/(-9) - (-2)/(-3). Suppose -16*k = -14*k - c. Suppose -5*f + 2*f + 15 = 0. Calculate the remainder when k is divided by f.
3
Suppose k + 1 = -1. Let w = 7 + k. Suppose -w*s = 2*p - 35, -3*s = -3*p + 2*s + 65. What is the remainder when 39 is divided by p?
19
Suppose -13 - 8 = -3*v. Calculate the remainder when 12 is divided by v.
5
Suppose o = -1 + 4. What is the remainder when 11 is divided by o?
2
Let y = -15 + 33. Let p = 13 - 13. Let z = p - -10. Calculate the remainder when y is divided by z.
8
Suppose m = -5*o + 64, 0 = -2*m - m - 3*o + 216. Let h be m/(-4) + (-2)/4. Let r = 29 + h. Calculate the remainder when r is divided by 4.
2
Let r(o) = -o**3 + 6*o**2 + o - 4. Let v = -11 - -17. Let g be r(v). Calculate the remainder when 26 is divided by (g/6)/((-5)/(-135)).
8
Suppose 0 = -5*f + 60 - 25. Let q = f - 4. Let g = 6 - q. Calculate the remainder when 4 is divided by g.
1
Let i(g) = g**2 - g + 66. What is the remainder when i(0) is divided by (1/2)/1*(-138)/(-3)?
20
Let f be -1 + 0/(-1) + -1. What is the remainder when (-144)/(-15) + f/(-5) is divided by 4?
2
Suppose 2*v = 5*v - 3. Let l be -2 + v - (0 + -1). Suppose -2*s + l*p - 4*p + 40 = 0, 2*s - p = 15. What is the remainder when s is divided by 3?
1
Suppose 4*w = 47 + 25. Calculate the remainder when w is divided by 3.
0
Suppose -20*y + 50 = -18*y. Calculate the remainder when 98 is divided by y.
23
Let v be (8/(-6))/(6/(-9)). Let j = v + 7. Suppose -m + 31 = -3*p - 7, 0 = -2*m - 2*p + 44. Calculate the remainder when m is divided by j.
8
Let m = 20 - 1. What is the remainder when 45 is divided by m?
7
Let l be (-1800)/(-81) + 2/(-9). Let i be ((-105)/(-6))/((-1)/(-4)). Let f = i - l. Calculate the remainder when f is divided by 25.
23
Let g(r) = -4*r + 23. Let v(x) = x - 6. Let i(z) = 6*g(z) + 22*v(z). Let k be i(-5). What is the remainder when 3/(-12) - (-132)/k is divided by 5?
3
Let w = 3 - -92. Calculate the remainder when w is divided by 48.
47
Let o(d) = d**2 + 6*d + 8. What is the remainder when 29 is divided by o(-7)?
14
Let h = -25 - -43. Let q(b) = 4*b**2 - 4*b + 2. Calculate the remainder when h is divided by q(2).
8
Let b(m) = -m**3 + 10*m**2 + 3. Let p be b(10). Suppose 5*d + l = 82, -d + 72 = p*d + 4*l. What is the remainder when 46 is divided by d?
14
Suppose 4*w - 3*p = 3*w + 10, -5*w + 50 = 5*p. Suppose -5*v + 4*m + w = 8*m, 0 = 2*v - 4*m - 4. Calculate the remainder when v/9 - 964/(-36) is divided by 10.
7
Let t(h) = h**3 - 2*h**2 - h. Let p be (-3)/((9/6)/(-1)). Let o be t(p). Calculate the remainder when 18 - (-1 + (-2 - o)) is divided by 10.
9
Suppose 5*w + l - 4 = 0, 0 = 4*w + 5*l - 2*l - 1. What is the remainder when (6/9)/(w/18) is divided by 5?
2
Let z be (-1 - -1)/(6 - 7). Suppose -2*m + 18 = -z*m. Let v = -5 + m. What is the remainder when 5 is divided by v?
1
Let u(i) = -i**2 + 6*i - 3. Suppose 0 = p + 2 - 4. What is the remainder when u(5) is divided by p?
0
Suppose -2*i + 64 = 2*t, -5*i - 3*t - 31 = -193. Calculate the remainder when i is divided by 7.
5
Let f(r) = r - 2. Let t be f(1). Let u be (-6 - t)*(-5 + 4). Suppose -2*i + i = -u*c + 170, -10 = -2*i. Calculate the remainder when c is divided by 12.
11
Suppose -v + 21 = 2*v. Suppose 5*f = 5*s - 100, -54 = -v*s + 4*s + f. Let w = 3 - -6. What is the remainder when s is divided by w?
8
Let d(f) = -f**3 + 8*f**2 - 4*f - 19. What is the remainder when d(7) is divided by 2?
0
Let v be 1*40 + 0 + 0. Suppose -2*q + v = -20. Calculate the remainder when q is divided by 11.
8
Let h = -57 + 85. What is the remainder when 111 is divided by h?
27
Let i be (72/16)/(6/(-8)). Let u(o) = -5*o**2 + 0*o + 0*o**2 + 2*o - o**3 - 8. What is the 